{"id":775,"date":"2018-08-29T22:28:30","date_gmt":"2018-08-30T01:28:30","guid":{"rendered":"https:\/\/isfd115-bue.infd.edu.ar\/sitio\/plan-de-estudios-del-profesorado-de-educacion-sec-en-historia\/"},"modified":"2026-03-04T17:36:07","modified_gmt":"2026-03-04T20:36:07","slug":"plan-de-estudios-del-profesorado-de-educacion-sec-en-historia","status":"publish","type":"page","link":"https:\/\/isfd115-bue.infd.edu.ar\/sitio\/plan-de-estudios-del-profesorado-de-educacion-sec-en-historia\/","title":{"rendered":"Profesorado de Educaci\u00f3n Secundaria en Historia"},"content":{"rendered":"\n<div class=\"wp-block-group alignfull is-layout-constrained\"><div class=\"wp-block-group__inner-container\">\n<div class=\"wp-block-columns is-layout-flex wp-container-4\">\n<div class=\"wp-block-column is-layout-flow\" style=\"flex-basis:100%\">\n<div class=\"wp-block-columns are-vertically-aligned-top is-layout-flex wp-container-2\">\n<div class=\"wp-block-column is-vertically-aligned-top is-layout-flow\" style=\"flex-basis:100%\"><\/div>\n<\/div>\n<\/div>\n<\/div>\n<\/div><\/div>\n\n\n\n<h3 class=\"wp-block-heading\">Profesorado de Historia<\/h3>\n\n\n\n<p>Las y los graduados del Profesorado de Historia se forman para comprender el pasado, interpretar el presente y contribuir a la construcci\u00f3n de un futuro m\u00e1s justo y democr\u00e1tico.<\/p>\n\n\n\n<p>Podr\u00e1n desempe\u00f1arse como docentes de <strong>Ciencias Sociales, Historia, Pol\u00edtica y Ciudadan\u00eda, y Trabajo y Ciudadan\u00eda en el Nivel Secundario<\/strong>, promoviendo el pensamiento cr\u00edtico, la reflexi\u00f3n hist\u00f3rica y la participaci\u00f3n ciudadana.<\/p>\n\n\n\n<p>Asimismo, est\u00e1n habilitados para ejercer en <strong>CENS<\/strong> y en el <strong>Programa FINES<\/strong>, acompa\u00f1ando trayectorias educativas de j\u00f3venes y personas adultas, y podr\u00e1n desempe\u00f1ar el <strong>rol de preceptor\/a<\/strong>, fortaleciendo el acompa\u00f1amiento institucional.<\/p>\n\n\n\n<p>Adem\u00e1s, cuentan con la posibilidad de continuar su formaci\u00f3n acad\u00e9mica en la <strong>Licenciatura en Historia de la Universidad Nacional de Luj\u00e1n<\/strong>, ampliando sus horizontes profesionales y acad\u00e9micos.<\/p>\n\n\n\n<p>Ser docente de Historia es ense\u00f1ar a pensar, debatir y comprender los procesos sociales para formar ciudadanos y ciudadanas comprometidos con su tiempo.<\/p>\n\n\n\n<p>Plan de estudios y  mapa de correlatividades: <\/p>\n\n\n\n<p><\/p>\n\n\n\n<figure class=\"wp-block-image size-large\"><img decoding=\"async\" loading=\"lazy\" width=\"1900\" height=\"1069\" src=\"https:\/\/isfd115-bue.infd.edu.ar\/sitio\/wp-content\/uploads\/2026\/03\/oferta-de-car-5-1900x1069.png\" alt=\"\" class=\"wp-image-1178\" srcset=\"https:\/\/isfd115-bue.infd.edu.ar\/sitio\/wp-content\/uploads\/2026\/03\/oferta-de-car-5-1900x1069.png 1900w, https:\/\/isfd115-bue.infd.edu.ar\/sitio\/wp-content\/uploads\/2026\/03\/oferta-de-car-5-1000x563.png 1000w, https:\/\/isfd115-bue.infd.edu.ar\/sitio\/wp-content\/uploads\/2026\/03\/oferta-de-car-5-768x432.png 768w, https:\/\/isfd115-bue.infd.edu.ar\/sitio\/wp-content\/uploads\/2026\/03\/oferta-de-car-5-1536x864.png 1536w, https:\/\/isfd115-bue.infd.edu.ar\/sitio\/wp-content\/uploads\/2026\/03\/oferta-de-car-5.png 1920w\" sizes=\"(max-width: 1900px) 100vw, 1900px\" \/><\/figure>\n","protected":false},"excerpt":{"rendered":"<p>Profesorado de Historia Las y los graduados del Profesorado de Historia se forman para comprender el pasado, interpretar el presente y contribuir a la construcci\u00f3n de un futuro m\u00e1s justo y democr\u00e1tico. Podr\u00e1n desempe\u00f1arse como docentes de Ciencias Sociales, Historia, Pol\u00edtica y Ciudadan\u00eda, y Trabajo y Ciudadan\u00eda en el Nivel Secundario, promoviendo el pensamiento cr\u00edtico, &#8230; <a title=\"Profesorado de Educaci\u00f3n Secundaria en Historia\" class=\"read-more\" href=\"https:\/\/isfd115-bue.infd.edu.ar\/sitio\/plan-de-estudios-del-profesorado-de-educacion-sec-en-historia\/\" aria-label=\"More on Profesorado de Educaci\u00f3n Secundaria en Historia\">[+]<\/a><\/p>\n","protected":false},"author":37,"featured_media":0,"parent":0,"menu_order":0,"comment_status":"closed","ping_status":"closed","template":"","meta":[],"acf":[],"_links":{"self":[{"href":"https:\/\/isfd115-bue.infd.edu.ar\/sitio\/wp-json\/wp\/v2\/pages\/775"}],"collection":[{"href":"https:\/\/isfd115-bue.infd.edu.ar\/sitio\/wp-json\/wp\/v2\/pages"}],"about":[{"href":"https:\/\/isfd115-bue.infd.edu.ar\/sitio\/wp-json\/wp\/v2\/types\/page"}],"author":[{"embeddable":true,"href":"https:\/\/isfd115-bue.infd.edu.ar\/sitio\/wp-json\/wp\/v2\/users\/37"}],"replies":[{"embeddable":true,"href":"https:\/\/isfd115-bue.infd.edu.ar\/sitio\/wp-json\/wp\/v2\/comments?post=775"}],"version-history":[{"count":16,"href":"https:\/\/isfd115-bue.infd.edu.ar\/sitio\/wp-json\/wp\/v2\/pages\/775\/revisions"}],"predecessor-version":[{"id":1179,"href":"https:\/\/isfd115-bue.infd.edu.ar\/sitio\/wp-json\/wp\/v2\/pages\/775\/revisions\/1179"}],"wp:attachment":[{"href":"https:\/\/isfd115-bue.infd.edu.ar\/sitio\/wp-json\/wp\/v2\/media?parent=775"}],"curies":[{"name":"wp","href":"https:\/\/api.w.org\/{rel}","templated":true}]}}